{"id":973,"date":"2022-01-17T15:17:14","date_gmt":"2022-01-17T14:17:14","guid":{"rendered":"https:\/\/rpsof-asnr.fr\/?page_id=973"},"modified":"2026-01-16T09:41:07","modified_gmt":"2026-01-16T08:41:07","slug":"liens-utiles-2","status":"publish","type":"page","link":"https:\/\/rpsof-asnr.fr\/?page_id=973","title":{"rendered":"Liens utiles"},"content":{"rendered":"\n<div class=\"wp-block-columns\">\n<div class=\"wp-block-column\">\n<div class=\"block-admin-assoc\">\n    <h2>Administration<\/h2>\n    <div class=\"administration\">\n        <div class=\"block-img\">\n            <img src=\"https:\/\/rpsof-asnr.fr\/wp-content\/uploads\/2022\/01\/school-supplies.jpg\" alt=\"\">\n        <\/div>\n        <div class=\"admin\">\n            <p>AMELI &#8211; Maladie, maternit\u00e9, invalidit\u00e9, remboursements de soins, droits et d\u00e9marches : infos et services pour les\n            assur\u00e9s, professionnels de sant\u00e9, employeurs : <a href=\"http:\/\/ameli.fr\" target=\"_blank\" rel=\"noopener noreferrer\">www.ameli.fr<\/a><\/p>\n            <p>CAF &#8211; Caisse Allocations Familliales : <a href=\"http:\/\/caf.fr\" target=\"_blank\" rel=\"noopener noreferrer\">www.caf.fr<\/a><\/p>\n        <\/div>\n    <\/div>\n    <h2>Associations<\/h2>\n    <div class=\"associations\">\n        <div class=\"block-img\">\n            <img src=\"https:\/\/rpsof-asnr.fr\/wp-content\/uploads\/2022\/01\/association-medical-scaled.jpg\" alt=\"\">\n        <\/div>\n        <div class=\"admin\">\n            <p>SOS Pr\u00e9ma : <a href=\"http:\/\/sosprema.com\" target=\"_blank\" rel=\"noopener noreferrer\">www.sosprema.com<\/a><\/p>\n            <p>ANECAMSP : <a href=\"https:\/\/anecamsp.org\/\" target=\"_blank\" rel=\"noopener noreferrer\">anecamsp.org<\/a><\/p>\n            <p>Jumeaux et plus : <a href=\"https:\/\/www.jumeaux-et-plus.fr\/\" target=\"_blank\" rel=\"noopener noreferrer\">www.jumeaux-et-plus.fr<\/a><\/p>\n     <p>Nos b\u00e9b\u00e9s guerriers : <a href=\"https:\/\/www.helloasso.com\/associations\/nos-bebes-guerriers\" target=\"_blank\" rel=\"noopener noreferrer\">www.helloasso.com<\/a><\/p>\n\n\n        <\/div>\n    <\/div>\n<\/div>\n<\/div>\n\n\n\n<div class=\"wp-block-column\">\n<h2><br>\u00a0Dispositifs Sp\u00e9cifiques R\u00e9gionaux en P\u00e9rinatalit\u00e9 (DSRP)<\/h2>\n\n\n\n<div class=\"reseaux-perinatalite\">\n    <h4>National<\/h4>\n    <p class=\"has-text-align-justify\">Retrouver tous les R\u00e9seaux de P\u00e9rinatalit\u00e9 d&rsquo;\u00cele-de-France sur le site de la F\u00e9d\u00e9ration Fran\u00e7aise des R\u00e9seaux de Sant\u00e9 en P\u00e9rinatalit\u00e9 (FFRSP) : \n            <a style=\"color:#007bff;\" href=\"https:\/\/ffrsp.fr\/\" target=\"_blank\" rel=\"noreferrer noopener\">www.ffrsp.fr<\/a>\n    <\/p>\n    <h4>Ile-de-France<\/h4>\n    <p>R\u00e9seau P\u00e9rinatal du Val de Marne (RPVM) :\n        <a style=\"color:#007bff;\" href=\"https:\/\/www.rpvm.fr\/\" target=\"_blank\" rel=\"noreferrer noopener\">www.rpvm.fr<\/a>\n    <\/p>\n    <p>R\u00e9seau de Sant\u00e9 P\u00e9rinatal Parisien (RSPP) : \n        <a style=\"color:#007bff;\" href=\"http:\/\/www.rspp.fr\" target=\"_blank\" rel=\"noreferrer noopener\">www.rspp.fr<\/a>\n    <\/p>\n    <p>R\u00e9seau SUNNY au sein de MYPA : \n        <a style=\"color:#007bff;\" href=\"http:\/\/www.mypa.fr\" target=\"_blank\" rel=\"noreferrer noopener\">www.mypa.fr<\/a>\n    <\/p>\n    <p>R\u00e9seau P\u00e9rinatal Naitre dans l\u2019Est Francilien (NEF) : \n        <a style=\"color:#007bff;\" href=\"http:\/\/www.perinat-nef.org\" target=\"_blank\" rel=\"noreferrer noopener\">www.perinat-nef.org<\/a>&nbsp;&nbsp;&nbsp;&nbsp;&nbsp;&nbsp;&nbsp;&nbsp;&nbsp;&nbsp;&nbsp;&nbsp;&nbsp;&nbsp;&nbsp;\n    <\/p>\n    <p>R\u00e9seau P\u00e9rinatal du Val d\u2019Oise (RPVO) : \n        <a style=\"color:#007bff;\" rel=\"noreferrer noopener\" href=\"http:\/\/www.rpvo.org\" target=\"_blank\">www.rpvo.org<\/a>\n    <\/p>\n    <p>R\u00e9seau de Sant\u00e9 en P\u00e9rinatalit\u00e9 des Hauts-de-Seine (PERINAT92)&nbsp;: \n        <a style=\"color:#007bff;\" href=\"http:\/\/www.reseau-perinat92.org\" data-type=\"URL\" data-id=\"www.reseau-perinat92.org\" target=\"_blank\" rel=\"noreferrer noopener\">www.reseau-perinat92.org<\/a>\n    <\/p>\n    <p>R\u00e9seau de P\u00e9rinatalit\u00e9 du Sud de l\u2019\u00cele-de-France (Perinat IF SUD)&nbsp;:\n        <a style=\"color:#007bff;\" href=\"http:\/\/www.perinatifsud.fr\" data-type=\"URL\" data-id=\"www.perinatifsud.fr\" target=\"_blank\" rel=\"noreferrer noopener\">www.perinatifsud.fr<\/a>\n    <\/p>\n    <button>\n        <a class=\"no-hover-color\" target=\"_blank\" href=\"https:\/\/rpsof-asnr.fr\/wp-content\/uploads\/2026\/01\/PLAQUETTE-DSRP-IDF-JANVIER-2026.pdf\" rel=\"noopener\">Plaquette R\u00e9seaux de p\u00e9rinatalit\u00e9<br> d&rsquo;Ile de France\n        <\/a>\n    <\/button>\n    <a target=\"_blank\" href=\"https:\/\/rpsof-asnr.fr\/wp-content\/uploads\/2026\/01\/PLAQUETTE-DSRP-IDF-JANVIER-2026.pdf\" rel=\"noopener\">\n        <img id=\"rpsof-plaquette-idf\" src=\"https:\/\/rpsof-asnr.fr\/wp-content\/uploads\/2024\/12\/PLAQUETTE-DSRP-IDF-Septembre-2024.png\">\n    <\/a>\n<\/div>\n<\/div>\n<\/div>\n","protected":false},"excerpt":{"rendered":"<p>Administration AMELI &#8211; Maladie, maternit\u00e9, invalidit\u00e9, remboursements de soins, droits et d\u00e9marches : infos et services pour les assur\u00e9s, professionnels de sant\u00e9, employeurs : www.ameli.fr CAF &#8211; Caisse Allocations Familliales : www.caf.fr Associations SOS Pr\u00e9ma : www.sosprema.com ANECAMSP : anecamsp.org Jumeaux et plus : www.jumeaux-et-plus.fr Nos b\u00e9b\u00e9s guerriers : www.helloasso.com \u00a0Dispositifs Sp\u00e9cifiques R\u00e9gionaux en P\u00e9rinatalit\u00e9 [&hellip;]<\/p>\n","protected":false},"author":1,"featured_media":0,"parent":0,"menu_order":0,"comment_status":"closed","ping_status":"closed","template":"","meta":{"spay_email":""},"yoast_head":"<!-- This site is optimized with the Yoast SEO plugin v17.9 - https:\/\/yoast.com\/wordpress\/plugins\/seo\/ -->\n<title>Liens utiles - RPSOF-ASNR<\/title>\n<meta name=\"robots\" content=\"index, follow, max-snippet:-1, max-image-preview:large, max-video-preview:-1\" \/>\n<link rel=\"canonical\" href=\"https:\/\/rpsof-asnr.fr\/?page_id=973\" \/>\n<meta property=\"og:locale\" content=\"fr_FR\" \/>\n<meta property=\"og:type\" content=\"article\" \/>\n<meta property=\"og:title\" content=\"Liens utiles - RPSOF-ASNR\" \/>\n<meta property=\"og:description\" content=\"Administration AMELI &#8211; Maladie, maternit\u00e9, invalidit\u00e9, remboursements de soins, droits et d\u00e9marches : infos et services pour les assur\u00e9s, professionnels de sant\u00e9, employeurs : www.ameli.fr CAF &#8211; Caisse Allocations Familliales : www.caf.fr Associations SOS Pr\u00e9ma : www.sosprema.com ANECAMSP : anecamsp.org Jumeaux et plus : www.jumeaux-et-plus.fr Nos b\u00e9b\u00e9s guerriers : www.helloasso.com \u00a0Dispositifs Sp\u00e9cifiques R\u00e9gionaux en P\u00e9rinatalit\u00e9 [&hellip;]\" \/>\n<meta property=\"og:url\" content=\"https:\/\/rpsof-asnr.fr\/?page_id=973\" \/>\n<meta property=\"og:site_name\" content=\"RPSOF-ASNR\" \/>\n<meta property=\"article:modified_time\" content=\"2026-01-16T08:41:07+00:00\" \/>\n<meta property=\"og:image\" content=\"https:\/\/rpsof-asnr.fr\/wp-content\/uploads\/2022\/01\/school-supplies.jpg\" \/>\n<meta name=\"twitter:card\" content=\"summary_large_image\" \/>\n<meta name=\"twitter:label1\" content=\"Dur\u00e9e de lecture estim\u00e9e\" \/>\n\t<meta name=\"twitter:data1\" content=\"2 minutes\" \/>\n<script type=\"application\/ld+json\" class=\"yoast-schema-graph\">{\"@context\":\"https:\/\/schema.org\",\"@graph\":[{\"@type\":\"WebSite\",\"@id\":\"https:\/\/rpsof-asnr.fr\/#website\",\"url\":\"https:\/\/rpsof-asnr.fr\/\",\"name\":\"RPSOF-ASNR\",\"description\":\"\",\"potentialAction\":[{\"@type\":\"SearchAction\",\"target\":{\"@type\":\"EntryPoint\",\"urlTemplate\":\"https:\/\/rpsof-asnr.fr\/?s={search_term_string}\"},\"query-input\":\"required name=search_term_string\"}],\"inLanguage\":\"fr-FR\"},{\"@type\":\"ImageObject\",\"@id\":\"https:\/\/rpsof-asnr.fr\/?page_id=973#primaryimage\",\"inLanguage\":\"fr-FR\",\"url\":\"https:\/\/rpsof-asnr.fr\/wp-content\/uploads\/2022\/01\/school-supplies.jpg\",\"contentUrl\":\"https:\/\/rpsof-asnr.fr\/wp-content\/uploads\/2022\/01\/school-supplies.jpg\",\"width\":1280,\"height\":720},{\"@type\":\"WebPage\",\"@id\":\"https:\/\/rpsof-asnr.fr\/?page_id=973#webpage\",\"url\":\"https:\/\/rpsof-asnr.fr\/?page_id=973\",\"name\":\"Liens utiles - RPSOF-ASNR\",\"isPartOf\":{\"@id\":\"https:\/\/rpsof-asnr.fr\/#website\"},\"primaryImageOfPage\":{\"@id\":\"https:\/\/rpsof-asnr.fr\/?page_id=973#primaryimage\"},\"datePublished\":\"2022-01-17T14:17:14+00:00\",\"dateModified\":\"2026-01-16T08:41:07+00:00\",\"breadcrumb\":{\"@id\":\"https:\/\/rpsof-asnr.fr\/?page_id=973#breadcrumb\"},\"inLanguage\":\"fr-FR\",\"potentialAction\":[{\"@type\":\"ReadAction\",\"target\":[\"https:\/\/rpsof-asnr.fr\/?page_id=973\"]}]},{\"@type\":\"BreadcrumbList\",\"@id\":\"https:\/\/rpsof-asnr.fr\/?page_id=973#breadcrumb\",\"itemListElement\":[{\"@type\":\"ListItem\",\"position\":1,\"name\":\"Accueil\",\"item\":\"https:\/\/rpsof-asnr.fr\/\"},{\"@type\":\"ListItem\",\"position\":2,\"name\":\"Liens utiles\"}]}]}<\/script>\n<!-- \/ Yoast SEO plugin. -->","yoast_head_json":{"title":"Liens utiles - RPSOF-ASNR","robots":{"index":"index","follow":"follow","max-snippet":"max-snippet:-1","max-image-preview":"max-image-preview:large","max-video-preview":"max-video-preview:-1"},"canonical":"https:\/\/rpsof-asnr.fr\/?page_id=973","og_locale":"fr_FR","og_type":"article","og_title":"Liens utiles - RPSOF-ASNR","og_description":"Administration AMELI &#8211; Maladie, maternit\u00e9, invalidit\u00e9, remboursements de soins, droits et d\u00e9marches : infos et services pour les assur\u00e9s, professionnels de sant\u00e9, employeurs : www.ameli.fr CAF &#8211; Caisse Allocations Familliales : www.caf.fr Associations SOS Pr\u00e9ma : www.sosprema.com ANECAMSP : anecamsp.org Jumeaux et plus : www.jumeaux-et-plus.fr Nos b\u00e9b\u00e9s guerriers : www.helloasso.com \u00a0Dispositifs Sp\u00e9cifiques R\u00e9gionaux en P\u00e9rinatalit\u00e9 [&hellip;]","og_url":"https:\/\/rpsof-asnr.fr\/?page_id=973","og_site_name":"RPSOF-ASNR","article_modified_time":"2026-01-16T08:41:07+00:00","og_image":[{"url":"https:\/\/rpsof-asnr.fr\/wp-content\/uploads\/2022\/01\/school-supplies.jpg"}],"twitter_card":"summary_large_image","twitter_misc":{"Dur\u00e9e de lecture estim\u00e9e":"2 minutes"},"schema":{"@context":"https:\/\/schema.org","@graph":[{"@type":"WebSite","@id":"https:\/\/rpsof-asnr.fr\/#website","url":"https:\/\/rpsof-asnr.fr\/","name":"RPSOF-ASNR","description":"","potentialAction":[{"@type":"SearchAction","target":{"@type":"EntryPoint","urlTemplate":"https:\/\/rpsof-asnr.fr\/?s={search_term_string}"},"query-input":"required name=search_term_string"}],"inLanguage":"fr-FR"},{"@type":"ImageObject","@id":"https:\/\/rpsof-asnr.fr\/?page_id=973#primaryimage","inLanguage":"fr-FR","url":"https:\/\/rpsof-asnr.fr\/wp-content\/uploads\/2022\/01\/school-supplies.jpg","contentUrl":"https:\/\/rpsof-asnr.fr\/wp-content\/uploads\/2022\/01\/school-supplies.jpg","width":1280,"height":720},{"@type":"WebPage","@id":"https:\/\/rpsof-asnr.fr\/?page_id=973#webpage","url":"https:\/\/rpsof-asnr.fr\/?page_id=973","name":"Liens utiles - RPSOF-ASNR","isPartOf":{"@id":"https:\/\/rpsof-asnr.fr\/#website"},"primaryImageOfPage":{"@id":"https:\/\/rpsof-asnr.fr\/?page_id=973#primaryimage"},"datePublished":"2022-01-17T14:17:14+00:00","dateModified":"2026-01-16T08:41:07+00:00","breadcrumb":{"@id":"https:\/\/rpsof-asnr.fr\/?page_id=973#breadcrumb"},"inLanguage":"fr-FR","potentialAction":[{"@type":"ReadAction","target":["https:\/\/rpsof-asnr.fr\/?page_id=973"]}]},{"@type":"BreadcrumbList","@id":"https:\/\/rpsof-asnr.fr\/?page_id=973#breadcrumb","itemListElement":[{"@type":"ListItem","position":1,"name":"Accueil","item":"https:\/\/rpsof-asnr.fr\/"},{"@type":"ListItem","position":2,"name":"Liens utiles"}]}]}},"_links":{"self":[{"href":"https:\/\/rpsof-asnr.fr\/index.php?rest_route=\/wp\/v2\/pages\/973"}],"collection":[{"href":"https:\/\/rpsof-asnr.fr\/index.php?rest_route=\/wp\/v2\/pages"}],"about":[{"href":"https:\/\/rpsof-asnr.fr\/index.php?rest_route=\/wp\/v2\/types\/page"}],"author":[{"embeddable":true,"href":"https:\/\/rpsof-asnr.fr\/index.php?rest_route=\/wp\/v2\/users\/1"}],"replies":[{"embeddable":true,"href":"https:\/\/rpsof-asnr.fr\/index.php?rest_route=%2Fwp%2Fv2%2Fcomments&post=973"}],"version-history":[{"count":39,"href":"https:\/\/rpsof-asnr.fr\/index.php?rest_route=\/wp\/v2\/pages\/973\/revisions"}],"predecessor-version":[{"id":4114,"href":"https:\/\/rpsof-asnr.fr\/index.php?rest_route=\/wp\/v2\/pages\/973\/revisions\/4114"}],"wp:attachment":[{"href":"https:\/\/rpsof-asnr.fr\/index.php?rest_route=%2Fwp%2Fv2%2Fmedia&parent=973"}],"curies":[{"name":"wp","href":"https:\/\/api.w.org\/{rel}","templated":true}]}}