{"id":1149,"date":"2022-01-21T17:22:47","date_gmt":"2022-01-21T16:22:47","guid":{"rendered":"https:\/\/rpsof-asnr.fr\/?page_id=1149"},"modified":"2022-09-30T16:04:04","modified_gmt":"2022-09-30T14:04:04","slug":"mini-pizzas","status":"publish","type":"page","link":"https:\/\/rpsof-asnr.fr\/?page_id=1149","title":{"rendered":"Mini pizzas"},"content":{"rendered":"\n<h4>Ingr\u00e9dients :<\/h4>\n\n\n\n<ul><li>1 p\u00e2te feuillet\u00e9e<\/li><li>1 grande brique de coulis de tomates (50 cl)<\/li><li>1 brin de basilic<\/li><li>1 boule de mozzarella<\/li><li>8 olives noires d\u00e9noyaut\u00e9es<\/li><\/ul>\n\n\n\n<p>Demander \u00e0 un grand d\u2019allumer le four \u00e0 200 \u00b0C (th.6-7).<\/p>\n\n\n\n<p>D\u00e9rouler la p\u00e2te feuillet\u00e9e.<\/p>\n\n\n\n<p>Piquer la surface de la p\u00e2te avec une fourchette.<\/p>\n\n\n\n<p>A l&rsquo;aide d&rsquo;un emporte-pi\u00e8ce, r\u00e9aliser 8 disques de p\u00e2te.<\/p>\n\n\n\n<p>Etaler le coulis de tomates sur les disques \u00e0 l&rsquo;aide d&rsquo;une petite cuill\u00e8re.<\/p>\n\n\n\n<p>Demander \u00e0 un grand de couper la mozzarella en petits cubes.<\/p>\n\n\n\n<p>Disposer joliment la mozzarella et les olives noires sur les pizzas.<\/p>\n\n\n\n<p>Demander \u00e0 un grand de mettre les pizzas \u00e0 cuire pendant 10 minutes au four, puis de les retirer.<\/p>\n\n\n\n<p>En veillant \u00e0 ne pas se br\u00fbler, poser une feuille de basilic sur chaque pizza.<\/p>\n","protected":false},"excerpt":{"rendered":"<p>Ingr\u00e9dients : 1 p\u00e2te feuillet\u00e9e 1 grande brique de coulis de tomates (50 cl) 1 brin de basilic 1 boule de mozzarella 8 olives noires d\u00e9noyaut\u00e9es Demander \u00e0 un grand d\u2019allumer le four \u00e0 200 \u00b0C (th.6-7). D\u00e9rouler la p\u00e2te feuillet\u00e9e. Piquer la surface de la p\u00e2te avec une fourchette. A l&rsquo;aide d&rsquo;un emporte-pi\u00e8ce, r\u00e9aliser [&hellip;]<\/p>\n","protected":false},"author":1,"featured_media":0,"parent":832,"menu_order":0,"comment_status":"closed","ping_status":"closed","template":"","meta":{"spay_email":""},"yoast_head":"<!-- This site is optimized with the Yoast SEO plugin v17.9 - https:\/\/yoast.com\/wordpress\/plugins\/seo\/ -->\n<title>Mini pizzas - RPSOF-ASNR<\/title>\n<meta name=\"robots\" content=\"index, follow, max-snippet:-1, max-image-preview:large, max-video-preview:-1\" \/>\n<link rel=\"canonical\" href=\"https:\/\/rpsof-asnr.fr\/?page_id=1149\" \/>\n<meta property=\"og:locale\" content=\"fr_FR\" \/>\n<meta property=\"og:type\" content=\"article\" \/>\n<meta property=\"og:title\" content=\"Mini pizzas - RPSOF-ASNR\" \/>\n<meta property=\"og:description\" content=\"Ingr\u00e9dients : 1 p\u00e2te feuillet\u00e9e 1 grande brique de coulis de tomates (50 cl) 1 brin de basilic 1 boule de mozzarella 8 olives noires d\u00e9noyaut\u00e9es Demander \u00e0 un grand d\u2019allumer le four \u00e0 200 \u00b0C (th.6-7). D\u00e9rouler la p\u00e2te feuillet\u00e9e. Piquer la surface de la p\u00e2te avec une fourchette. A l&rsquo;aide d&rsquo;un emporte-pi\u00e8ce, r\u00e9aliser [&hellip;]\" \/>\n<meta property=\"og:url\" content=\"https:\/\/rpsof-asnr.fr\/?page_id=1149\" \/>\n<meta property=\"og:site_name\" content=\"RPSOF-ASNR\" \/>\n<meta property=\"article:modified_time\" content=\"2022-09-30T14:04:04+00:00\" \/>\n<meta name=\"twitter:card\" content=\"summary_large_image\" \/>\n<meta name=\"twitter:label1\" content=\"Dur\u00e9e de lecture estim\u00e9e\" \/>\n\t<meta name=\"twitter:data1\" content=\"1 minute\" \/>\n<script type=\"application\/ld+json\" class=\"yoast-schema-graph\">{\"@context\":\"https:\/\/schema.org\",\"@graph\":[{\"@type\":\"WebSite\",\"@id\":\"https:\/\/rpsof-asnr.fr\/#website\",\"url\":\"https:\/\/rpsof-asnr.fr\/\",\"name\":\"RPSOF-ASNR\",\"description\":\"\",\"potentialAction\":[{\"@type\":\"SearchAction\",\"target\":{\"@type\":\"EntryPoint\",\"urlTemplate\":\"https:\/\/rpsof-asnr.fr\/?s={search_term_string}\"},\"query-input\":\"required name=search_term_string\"}],\"inLanguage\":\"fr-FR\"},{\"@type\":\"WebPage\",\"@id\":\"https:\/\/rpsof-asnr.fr\/?page_id=1149#webpage\",\"url\":\"https:\/\/rpsof-asnr.fr\/?page_id=1149\",\"name\":\"Mini pizzas - RPSOF-ASNR\",\"isPartOf\":{\"@id\":\"https:\/\/rpsof-asnr.fr\/#website\"},\"datePublished\":\"2022-01-21T16:22:47+00:00\",\"dateModified\":\"2022-09-30T14:04:04+00:00\",\"breadcrumb\":{\"@id\":\"https:\/\/rpsof-asnr.fr\/?page_id=1149#breadcrumb\"},\"inLanguage\":\"fr-FR\",\"potentialAction\":[{\"@type\":\"ReadAction\",\"target\":[\"https:\/\/rpsof-asnr.fr\/?page_id=1149\"]}]},{\"@type\":\"BreadcrumbList\",\"@id\":\"https:\/\/rpsof-asnr.fr\/?page_id=1149#breadcrumb\",\"itemListElement\":[{\"@type\":\"ListItem\",\"position\":1,\"name\":\"Accueil\",\"item\":\"https:\/\/rpsof-asnr.fr\/\"},{\"@type\":\"ListItem\",\"position\":2,\"name\":\"Espace Famille\",\"item\":\"https:\/\/rpsof-asnr.fr\/?page_id=757\"},{\"@type\":\"ListItem\",\"position\":3,\"name\":\"Coin ludique\",\"item\":\"https:\/\/rpsof-asnr.fr\/?page_id=773\"},{\"@type\":\"ListItem\",\"position\":4,\"name\":\"Des recettes \\u00e0 r\\u00e9aliser\",\"item\":\"https:\/\/rpsof-asnr.fr\/?page_id=832\"},{\"@type\":\"ListItem\",\"position\":5,\"name\":\"Mini pizzas\"}]}]}<\/script>\n<!-- \/ Yoast SEO plugin. -->","yoast_head_json":{"title":"Mini pizzas - RPSOF-ASNR","robots":{"index":"index","follow":"follow","max-snippet":"max-snippet:-1","max-image-preview":"max-image-preview:large","max-video-preview":"max-video-preview:-1"},"canonical":"https:\/\/rpsof-asnr.fr\/?page_id=1149","og_locale":"fr_FR","og_type":"article","og_title":"Mini pizzas - RPSOF-ASNR","og_description":"Ingr\u00e9dients : 1 p\u00e2te feuillet\u00e9e 1 grande brique de coulis de tomates (50 cl) 1 brin de basilic 1 boule de mozzarella 8 olives noires d\u00e9noyaut\u00e9es Demander \u00e0 un grand d\u2019allumer le four \u00e0 200 \u00b0C (th.6-7). D\u00e9rouler la p\u00e2te feuillet\u00e9e. Piquer la surface de la p\u00e2te avec une fourchette. A l&rsquo;aide d&rsquo;un emporte-pi\u00e8ce, r\u00e9aliser [&hellip;]","og_url":"https:\/\/rpsof-asnr.fr\/?page_id=1149","og_site_name":"RPSOF-ASNR","article_modified_time":"2022-09-30T14:04:04+00:00","twitter_card":"summary_large_image","twitter_misc":{"Dur\u00e9e de lecture estim\u00e9e":"1 minute"},"schema":{"@context":"https:\/\/schema.org","@graph":[{"@type":"WebSite","@id":"https:\/\/rpsof-asnr.fr\/#website","url":"https:\/\/rpsof-asnr.fr\/","name":"RPSOF-ASNR","description":"","potentialAction":[{"@type":"SearchAction","target":{"@type":"EntryPoint","urlTemplate":"https:\/\/rpsof-asnr.fr\/?s={search_term_string}"},"query-input":"required name=search_term_string"}],"inLanguage":"fr-FR"},{"@type":"WebPage","@id":"https:\/\/rpsof-asnr.fr\/?page_id=1149#webpage","url":"https:\/\/rpsof-asnr.fr\/?page_id=1149","name":"Mini pizzas - RPSOF-ASNR","isPartOf":{"@id":"https:\/\/rpsof-asnr.fr\/#website"},"datePublished":"2022-01-21T16:22:47+00:00","dateModified":"2022-09-30T14:04:04+00:00","breadcrumb":{"@id":"https:\/\/rpsof-asnr.fr\/?page_id=1149#breadcrumb"},"inLanguage":"fr-FR","potentialAction":[{"@type":"ReadAction","target":["https:\/\/rpsof-asnr.fr\/?page_id=1149"]}]},{"@type":"BreadcrumbList","@id":"https:\/\/rpsof-asnr.fr\/?page_id=1149#breadcrumb","itemListElement":[{"@type":"ListItem","position":1,"name":"Accueil","item":"https:\/\/rpsof-asnr.fr\/"},{"@type":"ListItem","position":2,"name":"Espace Famille","item":"https:\/\/rpsof-asnr.fr\/?page_id=757"},{"@type":"ListItem","position":3,"name":"Coin ludique","item":"https:\/\/rpsof-asnr.fr\/?page_id=773"},{"@type":"ListItem","position":4,"name":"Des recettes \u00e0 r\u00e9aliser","item":"https:\/\/rpsof-asnr.fr\/?page_id=832"},{"@type":"ListItem","position":5,"name":"Mini pizzas"}]}]}},"_links":{"self":[{"href":"https:\/\/rpsof-asnr.fr\/index.php?rest_route=\/wp\/v2\/pages\/1149"}],"collection":[{"href":"https:\/\/rpsof-asnr.fr\/index.php?rest_route=\/wp\/v2\/pages"}],"about":[{"href":"https:\/\/rpsof-asnr.fr\/index.php?rest_route=\/wp\/v2\/types\/page"}],"author":[{"embeddable":true,"href":"https:\/\/rpsof-asnr.fr\/index.php?rest_route=\/wp\/v2\/users\/1"}],"replies":[{"embeddable":true,"href":"https:\/\/rpsof-asnr.fr\/index.php?rest_route=%2Fwp%2Fv2%2Fcomments&post=1149"}],"version-history":[{"count":2,"href":"https:\/\/rpsof-asnr.fr\/index.php?rest_route=\/wp\/v2\/pages\/1149\/revisions"}],"predecessor-version":[{"id":2106,"href":"https:\/\/rpsof-asnr.fr\/index.php?rest_route=\/wp\/v2\/pages\/1149\/revisions\/2106"}],"up":[{"embeddable":true,"href":"https:\/\/rpsof-asnr.fr\/index.php?rest_route=\/wp\/v2\/pages\/832"}],"wp:attachment":[{"href":"https:\/\/rpsof-asnr.fr\/index.php?rest_route=%2Fwp%2Fv2%2Fmedia&parent=1149"}],"curies":[{"name":"wp","href":"https:\/\/api.w.org\/{rel}","templated":true}]}}