{"id":1124,"date":"2022-01-21T15:44:29","date_gmt":"2022-01-21T14:44:29","guid":{"rendered":"https:\/\/rpsof-asnr.fr\/?page_id=1124"},"modified":"2023-02-14T00:49:28","modified_gmt":"2023-02-13T23:49:28","slug":"de-la-naissance-a-3-ans","status":"publish","type":"page","link":"https:\/\/rpsof-asnr.fr\/?page_id=1124","title":{"rendered":"De la naissance \u00e0 3 ans"},"content":{"rendered":"\n<div class=\"block-lecture\">\n    <div class=\"col\">\n        <div class=\"img-texte\">\n            <h5>Toutes les couleurs, Alex Sanders, collection Loulou &amp;Cie de l&rsquo;\u00e9cole des Loisirs<\/h5>\n            <div class=\"block\">\n                <img src=\"https:\/\/rpsof-asnr.fr\/wp-content\/uploads\/2022\/01\/toutes-les-couleurs.gif\" alt=\"livre-toutes-les-couleurs\">\n                <p>Lulu est un petit lapin qui apprend les couleurs en d\u00e9couvrant la vie : glisser sur l\u2019herbe, d\u00e9guster des\n                    fraises, sauter dans la boue et cueillir des fleurs pour sa maman\u2026<\/p>\n            <\/div>\n        <\/div>\n        <div class=\"img-texte\">\n            <h5>Pas sage ? Alex Sanders, collection Loulou &amp; amp; Cie de L\u2019\u00e9cole des Loisirs<\/h5>\n            <div class=\"block\">\n                <img src=\"https:\/\/rpsof-asnr.fr\/wp-content\/uploads\/2022\/01\/pas-sage.gif\" alt=\"livre-pas-sage\">\n                <p>Monsieur le loup est tr\u00e8s impressionnant\u2026 Comme tous les loups des histoires il dit qu\u2019il aimerait bien manger des\n                enfants, surtout ceux qui ne sont pas sages ! Jusqu\u2019\u00e0 ce que sa maman le prenne en flagrant d\u00e9lit d\u2019emb\u00eater les enfants\n                et le gronde !<\/p>\n            <\/div>\n        <\/div>\n        <div class=\"img-texte\">\n            <h5>Va-t\u2019en Grand Monstre Vert ! Ed Emberley,<br> Kal\u00e9idoscope<\/h5>\n            <div class=\"block\">\n                <img src=\"https:\/\/rpsof-asnr.fr\/wp-content\/uploads\/2022\/01\/va-t-en-grand-monstre.gif\" alt=\"livre-va-t-en-grand-monstre\">\n                <p>Grand monstre vert a tous les attributs du monstre effrayant. L\u2019enfant, en tournant les pages construit Grand monstre\n                vert mais ce monstre ne lui fait pas peur en d\u00e9finitive car il le d\u00e9construit en tournant les pages de la deuxi\u00e8me\n                moiti\u00e9 du livre.<\/p>\n            <\/div>\n        <\/div>\n    <\/div>\n    \n    <div class=\"col\">\n        <div class=\"img-texte\">\n            <h5>Un Bisou pour la Lune, Guido Van Guenechten,<br> Nathan<\/h5>\n            <div class=\"block\">\n                <img src=\"https:\/\/rpsof-asnr.fr\/wp-content\/uploads\/2022\/01\/bisous-pour-la-lune.jpg\" alt=\"livre-bisous-pour-la-lune\">\n                <p>Lune a l\u2019air triste. L\u2019\u00e9l\u00e9phant voudrait bien lui faire un bisou mais il n\u2019est pas assez grand pour l\u2019atteindre. Plusieurs animaux vont donc s\u2019unir pour consoler la Lune.<\/p>\n            <\/div>\n        <\/div>\n        <div class=\"img-texte\">\n            <h5>Embrassez-moi, Pierrick Bisinski,<br> L\u2019Ecole des Loisirs<\/h5>\n            <div class=\"block\">\n                <img src=\"https:\/\/rpsof-asnr.fr\/wp-content\/uploads\/2022\/01\/small_embrassezmoi.jpg\" alt=\"livre-embrassez-moi\">\n                <p>Un Petit ours cherche quelqu\u2019un qui pourrait lui faire un bisou. Mais ce n\u2019est pas si facile. C\u2019est aupr\u00e8s de son papa\n                et de sa maman qu\u2019il trouvera ce qu\u2019il attend.<\/p>\n            <\/div>\n        <\/div>\n        <div class=\"img-texte\">\n            <h5>Mon papa pr\u00e9f\u00e9r\u00e9, B\u00e9n\u00e9dicte Guettier,<br> L\u2019Ecole des Loisirs<\/h5>\n            <div class=\"block\">\n                <img src=\"https:\/\/rpsof-asnr.fr\/wp-content\/uploads\/2022\/01\/small_papa.jpg\" alt=\"livre-small-papa\">\n                <p>Un petit lapin se prend \u00e0 imaginer ce qu\u2019il pourrait faire si son papa \u00e9tait un \u00e9l\u00e9phant, un crocodile, un koala ou un\n                hibou\u2026 Puis tout compte fait c\u2019est quand m\u00eame son papa qu\u2019il pr\u00e9f\u00e8re.<\/p>\n            <\/div>\n        <\/div>\n    <\/div>\n<\/div>\n","protected":false},"excerpt":{"rendered":"<p>Toutes les couleurs, Alex Sanders, collection Loulou &amp;Cie de l&rsquo;\u00e9cole des Loisirs Lulu est un petit lapin qui apprend les couleurs en d\u00e9couvrant la vie : glisser sur l\u2019herbe, d\u00e9guster des fraises, sauter dans la boue et cueillir des fleurs pour sa maman\u2026 Pas sage ? Alex Sanders, collection Loulou &amp; amp; Cie de L\u2019\u00e9cole [&hellip;]<\/p>\n","protected":false},"author":1,"featured_media":0,"parent":858,"menu_order":0,"comment_status":"closed","ping_status":"closed","template":"","meta":{"spay_email":""},"yoast_head":"<!-- This site is optimized with the Yoast SEO plugin v17.9 - https:\/\/yoast.com\/wordpress\/plugins\/seo\/ -->\n<title>De la naissance \u00e0 3 ans - RPSOF-ASNR<\/title>\n<meta name=\"robots\" content=\"index, follow, max-snippet:-1, max-image-preview:large, max-video-preview:-1\" \/>\n<link rel=\"canonical\" href=\"https:\/\/rpsof-asnr.fr\/?page_id=1124\" \/>\n<meta property=\"og:locale\" content=\"fr_FR\" \/>\n<meta property=\"og:type\" content=\"article\" \/>\n<meta property=\"og:title\" content=\"De la naissance \u00e0 3 ans - RPSOF-ASNR\" \/>\n<meta property=\"og:description\" content=\"Toutes les couleurs, Alex Sanders, collection Loulou &amp;Cie de l&rsquo;\u00e9cole des Loisirs Lulu est un petit lapin qui apprend les couleurs en d\u00e9couvrant la vie : glisser sur l\u2019herbe, d\u00e9guster des fraises, sauter dans la boue et cueillir des fleurs pour sa maman\u2026 Pas sage ? Alex Sanders, collection Loulou &amp; amp; Cie de L\u2019\u00e9cole [&hellip;]\" \/>\n<meta property=\"og:url\" content=\"https:\/\/rpsof-asnr.fr\/?page_id=1124\" \/>\n<meta property=\"og:site_name\" content=\"RPSOF-ASNR\" \/>\n<meta property=\"article:modified_time\" content=\"2023-02-13T23:49:28+00:00\" \/>\n<meta property=\"og:image\" content=\"https:\/\/rpsof-asnr.fr\/wp-content\/uploads\/2022\/01\/toutes-les-couleurs.gif\" \/>\n<meta name=\"twitter:card\" content=\"summary_large_image\" \/>\n<meta name=\"twitter:label1\" content=\"Dur\u00e9e de lecture estim\u00e9e\" \/>\n\t<meta name=\"twitter:data1\" content=\"3 minutes\" \/>\n<script type=\"application\/ld+json\" class=\"yoast-schema-graph\">{\"@context\":\"https:\/\/schema.org\",\"@graph\":[{\"@type\":\"WebSite\",\"@id\":\"https:\/\/rpsof-asnr.fr\/#website\",\"url\":\"https:\/\/rpsof-asnr.fr\/\",\"name\":\"RPSOF-ASNR\",\"description\":\"\",\"potentialAction\":[{\"@type\":\"SearchAction\",\"target\":{\"@type\":\"EntryPoint\",\"urlTemplate\":\"https:\/\/rpsof-asnr.fr\/?s={search_term_string}\"},\"query-input\":\"required name=search_term_string\"}],\"inLanguage\":\"fr-FR\"},{\"@type\":\"ImageObject\",\"@id\":\"https:\/\/rpsof-asnr.fr\/?page_id=1124#primaryimage\",\"inLanguage\":\"fr-FR\",\"url\":\"https:\/\/rpsof-asnr.fr\/wp-content\/uploads\/2022\/01\/toutes-les-couleurs.gif\",\"contentUrl\":\"https:\/\/rpsof-asnr.fr\/wp-content\/uploads\/2022\/01\/toutes-les-couleurs.gif\",\"width\":378,\"height\":475},{\"@type\":\"WebPage\",\"@id\":\"https:\/\/rpsof-asnr.fr\/?page_id=1124#webpage\",\"url\":\"https:\/\/rpsof-asnr.fr\/?page_id=1124\",\"name\":\"De la naissance \\u00e0 3 ans - RPSOF-ASNR\",\"isPartOf\":{\"@id\":\"https:\/\/rpsof-asnr.fr\/#website\"},\"primaryImageOfPage\":{\"@id\":\"https:\/\/rpsof-asnr.fr\/?page_id=1124#primaryimage\"},\"datePublished\":\"2022-01-21T14:44:29+00:00\",\"dateModified\":\"2023-02-13T23:49:28+00:00\",\"breadcrumb\":{\"@id\":\"https:\/\/rpsof-asnr.fr\/?page_id=1124#breadcrumb\"},\"inLanguage\":\"fr-FR\",\"potentialAction\":[{\"@type\":\"ReadAction\",\"target\":[\"https:\/\/rpsof-asnr.fr\/?page_id=1124\"]}]},{\"@type\":\"BreadcrumbList\",\"@id\":\"https:\/\/rpsof-asnr.fr\/?page_id=1124#breadcrumb\",\"itemListElement\":[{\"@type\":\"ListItem\",\"position\":1,\"name\":\"Accueil\",\"item\":\"https:\/\/rpsof-asnr.fr\/\"},{\"@type\":\"ListItem\",\"position\":2,\"name\":\"Espace Famille\",\"item\":\"https:\/\/rpsof-asnr.fr\/?page_id=757\"},{\"@type\":\"ListItem\",\"position\":3,\"name\":\"Coin ludique\",\"item\":\"https:\/\/rpsof-asnr.fr\/?page_id=773\"},{\"@type\":\"ListItem\",\"position\":4,\"name\":\"Le coin lecture (litt\\u00e9rature de jeunesse)\",\"item\":\"https:\/\/rpsof-asnr.fr\/?page_id=858\"},{\"@type\":\"ListItem\",\"position\":5,\"name\":\"De la naissance \\u00e0 3 ans\"}]}]}<\/script>\n<!-- \/ Yoast SEO plugin. -->","yoast_head_json":{"title":"De la naissance \u00e0 3 ans - RPSOF-ASNR","robots":{"index":"index","follow":"follow","max-snippet":"max-snippet:-1","max-image-preview":"max-image-preview:large","max-video-preview":"max-video-preview:-1"},"canonical":"https:\/\/rpsof-asnr.fr\/?page_id=1124","og_locale":"fr_FR","og_type":"article","og_title":"De la naissance \u00e0 3 ans - RPSOF-ASNR","og_description":"Toutes les couleurs, Alex Sanders, collection Loulou &amp;Cie de l&rsquo;\u00e9cole des Loisirs Lulu est un petit lapin qui apprend les couleurs en d\u00e9couvrant la vie : glisser sur l\u2019herbe, d\u00e9guster des fraises, sauter dans la boue et cueillir des fleurs pour sa maman\u2026 Pas sage ? Alex Sanders, collection Loulou &amp; amp; Cie de L\u2019\u00e9cole [&hellip;]","og_url":"https:\/\/rpsof-asnr.fr\/?page_id=1124","og_site_name":"RPSOF-ASNR","article_modified_time":"2023-02-13T23:49:28+00:00","og_image":[{"url":"https:\/\/rpsof-asnr.fr\/wp-content\/uploads\/2022\/01\/toutes-les-couleurs.gif"}],"twitter_card":"summary_large_image","twitter_misc":{"Dur\u00e9e de lecture estim\u00e9e":"3 minutes"},"schema":{"@context":"https:\/\/schema.org","@graph":[{"@type":"WebSite","@id":"https:\/\/rpsof-asnr.fr\/#website","url":"https:\/\/rpsof-asnr.fr\/","name":"RPSOF-ASNR","description":"","potentialAction":[{"@type":"SearchAction","target":{"@type":"EntryPoint","urlTemplate":"https:\/\/rpsof-asnr.fr\/?s={search_term_string}"},"query-input":"required name=search_term_string"}],"inLanguage":"fr-FR"},{"@type":"ImageObject","@id":"https:\/\/rpsof-asnr.fr\/?page_id=1124#primaryimage","inLanguage":"fr-FR","url":"https:\/\/rpsof-asnr.fr\/wp-content\/uploads\/2022\/01\/toutes-les-couleurs.gif","contentUrl":"https:\/\/rpsof-asnr.fr\/wp-content\/uploads\/2022\/01\/toutes-les-couleurs.gif","width":378,"height":475},{"@type":"WebPage","@id":"https:\/\/rpsof-asnr.fr\/?page_id=1124#webpage","url":"https:\/\/rpsof-asnr.fr\/?page_id=1124","name":"De la naissance \u00e0 3 ans - RPSOF-ASNR","isPartOf":{"@id":"https:\/\/rpsof-asnr.fr\/#website"},"primaryImageOfPage":{"@id":"https:\/\/rpsof-asnr.fr\/?page_id=1124#primaryimage"},"datePublished":"2022-01-21T14:44:29+00:00","dateModified":"2023-02-13T23:49:28+00:00","breadcrumb":{"@id":"https:\/\/rpsof-asnr.fr\/?page_id=1124#breadcrumb"},"inLanguage":"fr-FR","potentialAction":[{"@type":"ReadAction","target":["https:\/\/rpsof-asnr.fr\/?page_id=1124"]}]},{"@type":"BreadcrumbList","@id":"https:\/\/rpsof-asnr.fr\/?page_id=1124#breadcrumb","itemListElement":[{"@type":"ListItem","position":1,"name":"Accueil","item":"https:\/\/rpsof-asnr.fr\/"},{"@type":"ListItem","position":2,"name":"Espace Famille","item":"https:\/\/rpsof-asnr.fr\/?page_id=757"},{"@type":"ListItem","position":3,"name":"Coin ludique","item":"https:\/\/rpsof-asnr.fr\/?page_id=773"},{"@type":"ListItem","position":4,"name":"Le coin lecture (litt\u00e9rature de jeunesse)","item":"https:\/\/rpsof-asnr.fr\/?page_id=858"},{"@type":"ListItem","position":5,"name":"De la naissance \u00e0 3 ans"}]}]}},"_links":{"self":[{"href":"https:\/\/rpsof-asnr.fr\/index.php?rest_route=\/wp\/v2\/pages\/1124"}],"collection":[{"href":"https:\/\/rpsof-asnr.fr\/index.php?rest_route=\/wp\/v2\/pages"}],"about":[{"href":"https:\/\/rpsof-asnr.fr\/index.php?rest_route=\/wp\/v2\/types\/page"}],"author":[{"embeddable":true,"href":"https:\/\/rpsof-asnr.fr\/index.php?rest_route=\/wp\/v2\/users\/1"}],"replies":[{"embeddable":true,"href":"https:\/\/rpsof-asnr.fr\/index.php?rest_route=%2Fwp%2Fv2%2Fcomments&post=1124"}],"version-history":[{"count":4,"href":"https:\/\/rpsof-asnr.fr\/index.php?rest_route=\/wp\/v2\/pages\/1124\/revisions"}],"predecessor-version":[{"id":2523,"href":"https:\/\/rpsof-asnr.fr\/index.php?rest_route=\/wp\/v2\/pages\/1124\/revisions\/2523"}],"up":[{"embeddable":true,"href":"https:\/\/rpsof-asnr.fr\/index.php?rest_route=\/wp\/v2\/pages\/858"}],"wp:attachment":[{"href":"https:\/\/rpsof-asnr.fr\/index.php?rest_route=%2Fwp%2Fv2%2Fmedia&parent=1124"}],"curies":[{"name":"wp","href":"https:\/\/api.w.org\/{rel}","templated":true}]}}