{"id":1106,"date":"2022-01-21T09:25:19","date_gmt":"2022-01-21T08:25:19","guid":{"rendered":"https:\/\/rpsof-asnr.fr\/?page_id=1106"},"modified":"2023-02-14T00:09:08","modified_gmt":"2023-02-13T23:09:08","slug":"fabrication-de-maracas","status":"publish","type":"page","link":"https:\/\/rpsof-asnr.fr\/?page_id=1106","title":{"rendered":"Fabrication de maracas"},"content":{"rendered":"\n<h5 class=\"has-text-align-center\"><em>Fabrication de maracas pour d\u00e9velopper sa dext\u00e9rit\u00e9, son c\u00f4t\u00e9 artistique et son imagination<\/em><\/h5>\n\n\n\n<h5>Mat\u00e9riel :<\/h5>\n<div class=\"block-materiel\">\n<ul>\n    <li>Un rouleau de papier toilette vide<\/li>\n    <li>Des feutres, gommettes, peinture etc&#8230;<\/li>\n    <li>De la colle, du ruban adh\u00e9sif et des agrafes<\/li>\n    <li>Des grains de riz, lentilles ou petits cailloux etc&#8230;<\/li>\n<\/ul>\n<img src=\"https:\/\/rpsof-asnr.fr\/wp-content\/uploads\/2022\/01\/markers.png\" alt=\"\">\n<img src=\"https:\/\/rpsof-asnr.fr\/wp-content\/uploads\/2022\/01\/glue.png\" alt=\"\">\n<img src=\"https:\/\/rpsof-asnr.fr\/wp-content\/uploads\/2022\/01\/lentilles-aliment.jpg\" alt=\"\">\n<\/div>\n<h5>Fabrication :<\/h5>\n<ul>\n    <li>D\u00e9corer le rouleau de papier toilette \u00e0 l&rsquo;aide de feutres, gommettes, peinture etc&#8230;<\/li>\n    <li>Fermer l\u2019une des extr\u00e9mit\u00e9s du tube (avec colle, scotch, agrafes).<\/li>\n    <li>Ins\u00e9rer des grains de riz, lentilles ou des petits cailloux\u2026le fait d\u2019utiliser des ingr\u00e9dients diff\u00e9rents permet de\n    changer le son des maracas !<\/li>\n    <li>Fermer la deuxi\u00e8me extr\u00e9mit\u00e9 du tube de fa\u00e7on \u00e0 former un berlingot.<\/li>\n<\/ul>\n\n<h5>Et voil\u00e0, votre instrument est pr\u00eat, le concert peut commencer !<\/h5>\n<img src=\"https:\/\/rpsof-asnr.fr\/wp-content\/uploads\/2022\/01\/caracas.jpeg\" alt=\"\">\n\n\n\n<p><\/p>\n","protected":false},"excerpt":{"rendered":"<p>Fabrication de maracas pour d\u00e9velopper sa dext\u00e9rit\u00e9, son c\u00f4t\u00e9 artistique et son imagination Mat\u00e9riel : Un rouleau de papier toilette vide Des feutres, gommettes, peinture etc&#8230; De la colle, du ruban adh\u00e9sif et des agrafes Des grains de riz, lentilles ou petits cailloux etc&#8230; Fabrication : D\u00e9corer le rouleau de papier toilette \u00e0 l&rsquo;aide de [&hellip;]<\/p>\n","protected":false},"author":1,"featured_media":0,"parent":810,"menu_order":0,"comment_status":"closed","ping_status":"closed","template":"","meta":{"spay_email":""},"yoast_head":"<!-- This site is optimized with the Yoast SEO plugin v17.9 - https:\/\/yoast.com\/wordpress\/plugins\/seo\/ -->\n<title>Fabrication de maracas - RPSOF-ASNR<\/title>\n<meta name=\"robots\" content=\"index, follow, max-snippet:-1, max-image-preview:large, max-video-preview:-1\" \/>\n<link rel=\"canonical\" href=\"https:\/\/rpsof-asnr.fr\/?page_id=1106\" \/>\n<meta property=\"og:locale\" content=\"fr_FR\" \/>\n<meta property=\"og:type\" content=\"article\" \/>\n<meta property=\"og:title\" content=\"Fabrication de maracas - RPSOF-ASNR\" \/>\n<meta property=\"og:description\" content=\"Fabrication de maracas pour d\u00e9velopper sa dext\u00e9rit\u00e9, son c\u00f4t\u00e9 artistique et son imagination Mat\u00e9riel : Un rouleau de papier toilette vide Des feutres, gommettes, peinture etc&#8230; De la colle, du ruban adh\u00e9sif et des agrafes Des grains de riz, lentilles ou petits cailloux etc&#8230; Fabrication : D\u00e9corer le rouleau de papier toilette \u00e0 l&rsquo;aide de [&hellip;]\" \/>\n<meta property=\"og:url\" content=\"https:\/\/rpsof-asnr.fr\/?page_id=1106\" \/>\n<meta property=\"og:site_name\" content=\"RPSOF-ASNR\" \/>\n<meta property=\"article:modified_time\" content=\"2023-02-13T23:09:08+00:00\" \/>\n<meta property=\"og:image\" content=\"https:\/\/rpsof-asnr.fr\/wp-content\/uploads\/2022\/01\/markers.png\" \/>\n<meta name=\"twitter:card\" content=\"summary_large_image\" \/>\n<meta name=\"twitter:label1\" content=\"Dur\u00e9e de lecture estim\u00e9e\" \/>\n\t<meta name=\"twitter:data1\" content=\"2 minutes\" \/>\n<script type=\"application\/ld+json\" class=\"yoast-schema-graph\">{\"@context\":\"https:\/\/schema.org\",\"@graph\":[{\"@type\":\"WebSite\",\"@id\":\"https:\/\/rpsof-asnr.fr\/#website\",\"url\":\"https:\/\/rpsof-asnr.fr\/\",\"name\":\"RPSOF-ASNR\",\"description\":\"\",\"potentialAction\":[{\"@type\":\"SearchAction\",\"target\":{\"@type\":\"EntryPoint\",\"urlTemplate\":\"https:\/\/rpsof-asnr.fr\/?s={search_term_string}\"},\"query-input\":\"required name=search_term_string\"}],\"inLanguage\":\"fr-FR\"},{\"@type\":\"ImageObject\",\"@id\":\"https:\/\/rpsof-asnr.fr\/?page_id=1106#primaryimage\",\"inLanguage\":\"fr-FR\",\"url\":\"https:\/\/rpsof-asnr.fr\/wp-content\/uploads\/2022\/01\/markers.png\",\"contentUrl\":\"https:\/\/rpsof-asnr.fr\/wp-content\/uploads\/2022\/01\/markers.png\",\"width\":480,\"height\":640},{\"@type\":\"WebPage\",\"@id\":\"https:\/\/rpsof-asnr.fr\/?page_id=1106#webpage\",\"url\":\"https:\/\/rpsof-asnr.fr\/?page_id=1106\",\"name\":\"Fabrication de maracas - RPSOF-ASNR\",\"isPartOf\":{\"@id\":\"https:\/\/rpsof-asnr.fr\/#website\"},\"primaryImageOfPage\":{\"@id\":\"https:\/\/rpsof-asnr.fr\/?page_id=1106#primaryimage\"},\"datePublished\":\"2022-01-21T08:25:19+00:00\",\"dateModified\":\"2023-02-13T23:09:08+00:00\",\"breadcrumb\":{\"@id\":\"https:\/\/rpsof-asnr.fr\/?page_id=1106#breadcrumb\"},\"inLanguage\":\"fr-FR\",\"potentialAction\":[{\"@type\":\"ReadAction\",\"target\":[\"https:\/\/rpsof-asnr.fr\/?page_id=1106\"]}]},{\"@type\":\"BreadcrumbList\",\"@id\":\"https:\/\/rpsof-asnr.fr\/?page_id=1106#breadcrumb\",\"itemListElement\":[{\"@type\":\"ListItem\",\"position\":1,\"name\":\"Accueil\",\"item\":\"https:\/\/rpsof-asnr.fr\/\"},{\"@type\":\"ListItem\",\"position\":2,\"name\":\"Espace Famille\",\"item\":\"https:\/\/rpsof-asnr.fr\/?page_id=757\"},{\"@type\":\"ListItem\",\"position\":3,\"name\":\"Coin ludique\",\"item\":\"https:\/\/rpsof-asnr.fr\/?page_id=773\"},{\"@type\":\"ListItem\",\"position\":4,\"name\":\"Espace cr\\u00e9atif\",\"item\":\"https:\/\/rpsof-asnr.fr\/?page_id=810\"},{\"@type\":\"ListItem\",\"position\":5,\"name\":\"Fabrication de maracas\"}]}]}<\/script>\n<!-- \/ Yoast SEO plugin. -->","yoast_head_json":{"title":"Fabrication de maracas - RPSOF-ASNR","robots":{"index":"index","follow":"follow","max-snippet":"max-snippet:-1","max-image-preview":"max-image-preview:large","max-video-preview":"max-video-preview:-1"},"canonical":"https:\/\/rpsof-asnr.fr\/?page_id=1106","og_locale":"fr_FR","og_type":"article","og_title":"Fabrication de maracas - RPSOF-ASNR","og_description":"Fabrication de maracas pour d\u00e9velopper sa dext\u00e9rit\u00e9, son c\u00f4t\u00e9 artistique et son imagination Mat\u00e9riel : Un rouleau de papier toilette vide Des feutres, gommettes, peinture etc&#8230; De la colle, du ruban adh\u00e9sif et des agrafes Des grains de riz, lentilles ou petits cailloux etc&#8230; Fabrication : D\u00e9corer le rouleau de papier toilette \u00e0 l&rsquo;aide de [&hellip;]","og_url":"https:\/\/rpsof-asnr.fr\/?page_id=1106","og_site_name":"RPSOF-ASNR","article_modified_time":"2023-02-13T23:09:08+00:00","og_image":[{"url":"https:\/\/rpsof-asnr.fr\/wp-content\/uploads\/2022\/01\/markers.png"}],"twitter_card":"summary_large_image","twitter_misc":{"Dur\u00e9e de lecture estim\u00e9e":"2 minutes"},"schema":{"@context":"https:\/\/schema.org","@graph":[{"@type":"WebSite","@id":"https:\/\/rpsof-asnr.fr\/#website","url":"https:\/\/rpsof-asnr.fr\/","name":"RPSOF-ASNR","description":"","potentialAction":[{"@type":"SearchAction","target":{"@type":"EntryPoint","urlTemplate":"https:\/\/rpsof-asnr.fr\/?s={search_term_string}"},"query-input":"required name=search_term_string"}],"inLanguage":"fr-FR"},{"@type":"ImageObject","@id":"https:\/\/rpsof-asnr.fr\/?page_id=1106#primaryimage","inLanguage":"fr-FR","url":"https:\/\/rpsof-asnr.fr\/wp-content\/uploads\/2022\/01\/markers.png","contentUrl":"https:\/\/rpsof-asnr.fr\/wp-content\/uploads\/2022\/01\/markers.png","width":480,"height":640},{"@type":"WebPage","@id":"https:\/\/rpsof-asnr.fr\/?page_id=1106#webpage","url":"https:\/\/rpsof-asnr.fr\/?page_id=1106","name":"Fabrication de maracas - RPSOF-ASNR","isPartOf":{"@id":"https:\/\/rpsof-asnr.fr\/#website"},"primaryImageOfPage":{"@id":"https:\/\/rpsof-asnr.fr\/?page_id=1106#primaryimage"},"datePublished":"2022-01-21T08:25:19+00:00","dateModified":"2023-02-13T23:09:08+00:00","breadcrumb":{"@id":"https:\/\/rpsof-asnr.fr\/?page_id=1106#breadcrumb"},"inLanguage":"fr-FR","potentialAction":[{"@type":"ReadAction","target":["https:\/\/rpsof-asnr.fr\/?page_id=1106"]}]},{"@type":"BreadcrumbList","@id":"https:\/\/rpsof-asnr.fr\/?page_id=1106#breadcrumb","itemListElement":[{"@type":"ListItem","position":1,"name":"Accueil","item":"https:\/\/rpsof-asnr.fr\/"},{"@type":"ListItem","position":2,"name":"Espace Famille","item":"https:\/\/rpsof-asnr.fr\/?page_id=757"},{"@type":"ListItem","position":3,"name":"Coin ludique","item":"https:\/\/rpsof-asnr.fr\/?page_id=773"},{"@type":"ListItem","position":4,"name":"Espace cr\u00e9atif","item":"https:\/\/rpsof-asnr.fr\/?page_id=810"},{"@type":"ListItem","position":5,"name":"Fabrication de maracas"}]}]}},"_links":{"self":[{"href":"https:\/\/rpsof-asnr.fr\/index.php?rest_route=\/wp\/v2\/pages\/1106"}],"collection":[{"href":"https:\/\/rpsof-asnr.fr\/index.php?rest_route=\/wp\/v2\/pages"}],"about":[{"href":"https:\/\/rpsof-asnr.fr\/index.php?rest_route=\/wp\/v2\/types\/page"}],"author":[{"embeddable":true,"href":"https:\/\/rpsof-asnr.fr\/index.php?rest_route=\/wp\/v2\/users\/1"}],"replies":[{"embeddable":true,"href":"https:\/\/rpsof-asnr.fr\/index.php?rest_route=%2Fwp%2Fv2%2Fcomments&post=1106"}],"version-history":[{"count":3,"href":"https:\/\/rpsof-asnr.fr\/index.php?rest_route=\/wp\/v2\/pages\/1106\/revisions"}],"predecessor-version":[{"id":2501,"href":"https:\/\/rpsof-asnr.fr\/index.php?rest_route=\/wp\/v2\/pages\/1106\/revisions\/2501"}],"up":[{"embeddable":true,"href":"https:\/\/rpsof-asnr.fr\/index.php?rest_route=\/wp\/v2\/pages\/810"}],"wp:attachment":[{"href":"https:\/\/rpsof-asnr.fr\/index.php?rest_route=%2Fwp%2Fv2%2Fmedia&parent=1106"}],"curies":[{"name":"wp","href":"https:\/\/api.w.org\/{rel}","templated":true}]}}